{"id":180,"date":"2019-06-21T22:51:20","date_gmt":"2019-06-21T22:51:20","guid":{"rendered":"https:\/\/office.suud.ch\/?page_id=180"},"modified":"2020-07-19T08:44:06","modified_gmt":"2020-07-19T08:44:06","slug":"prelayoutstruktur","status":"publish","type":"page","link":"https:\/\/office.suud.ch\/index.php\/prelayoutstruktur\/","title":{"rendered":"PreLayoutStruktur"},"content":{"rendered":"\n<h1 class=\"wp-block-heading\">Layout und Struktur<\/h1>\n\n\n\n<p>Die meisten Pr\u00e4sentationsprogramme unterst\u00fctzen eine Trennung von Layout, Struktur und Inhalt.<\/p>\n\n\n\n<h3 class=\"wp-block-heading\">Layout<\/h3>\n\n\n\n<p>Oft wird es als \u00e4sthetisch empfunden, wenn alle Folien einer Pr\u00e4sentation ein einheitliches Layout aufweisen. In den meisten Pr\u00e4sentationsprogrammen l\u00e4sst sich ein einheitliches Design voreinstellen, d.h. es kann aus verschiedenen vorgefertigten Designs ausgew\u00e4hlt werden.<\/p>\n\n\n\n<p>Wie eigene Designs selber erstellt und abge\u00e4ndert werden, wird in den &#171;Weiterf\u00fchrenden Konzepten&#187; unter&nbsp;<a href=\"https:\/\/office.suud.ch\/index.php\/prefolienmaster\/\">Layout: Folienmaster<\/a>&nbsp;behandelt.<\/p>\n\n\n\n<h3 class=\"wp-block-heading\">Struktur<\/h3>\n\n\n\n<p>Eine Pr\u00e4sentation stellt einen Inhalt strukturiert dar. Die Struktur wird dabei durch die Reihenfolge und Inhalte der einzelnen Folien bestimmt. Eine \u00dcbersicht \u00fcber alle Folien kann diese Struktur sichtbar machen und helfen, die Vollst\u00e4ndigkeit und die Reihenfolge der Folien zu \u00fcberpr\u00fcfen und Wichtiges von Unwichtigem zu unterscheiden. Jedes Pr\u00e4sentationsprogramm stellt daf\u00fcr eine oder mehrere \u00dcbersichten zur Verf\u00fcgung, in welchen die Folien grafisch dargestellt oder nur die Texte auf den Folien nacheinander aufgelistet werden. Abb. 1 zeigt eine Foliensortierung, Abb. 2 zeigt eine Gliederung.<\/p>\n\n\n\n<figure class=\"wp-block-image\"><img loading=\"lazy\" decoding=\"async\" width=\"1433\" height=\"296\" src=\"https:\/\/office.suud.ch\/wp-content\/uploads\/2019\/06\/PreSortierung.png\" alt=\"\" class=\"wp-image-187\" srcset=\"https:\/\/office.suud.ch\/wp-content\/uploads\/2019\/06\/PreSortierung.png 1433w, https:\/\/office.suud.ch\/wp-content\/uploads\/2019\/06\/PreSortierung-300x62.png 300w, https:\/\/office.suud.ch\/wp-content\/uploads\/2019\/06\/PreSortierung-768x159.png 768w, https:\/\/office.suud.ch\/wp-content\/uploads\/2019\/06\/PreSortierung-1024x212.png 1024w\" sizes=\"(max-width: 1433px) 100vw, 1433px\" \/><figcaption>Abb. 1: Foliensortierung<\/figcaption><\/figure>\n\n\n\n<figure class=\"wp-block-image\"><img loading=\"lazy\" decoding=\"async\" width=\"1134\" height=\"389\" src=\"https:\/\/office.suud.ch\/wp-content\/uploads\/2019\/06\/PreGliederung.png\" alt=\"\" class=\"wp-image-188\" srcset=\"https:\/\/office.suud.ch\/wp-content\/uploads\/2019\/06\/PreGliederung.png 1134w, https:\/\/office.suud.ch\/wp-content\/uploads\/2019\/06\/PreGliederung-300x103.png 300w, https:\/\/office.suud.ch\/wp-content\/uploads\/2019\/06\/PreGliederung-768x263.png 768w, https:\/\/office.suud.ch\/wp-content\/uploads\/2019\/06\/PreGliederung-1024x351.png 1024w\" sizes=\"(max-width: 1134px) 100vw, 1134px\" \/><figcaption>Abb. 2: Gliederung<\/figcaption><\/figure>\n\n\n\n<div class=\"su-accordion su-u-trim\">\n<div class=\"su-spoiler su-spoiler-style-fancy su-spoiler-icon-plus su-spoiler-closed\" data-scroll-offset=\"0\" data-anchor-in-url=\"no\"><div class=\"su-spoiler-title\" tabindex=\"0\" role=\"button\"><span class=\"su-spoiler-icon\"><\/span>Zusatz: Folienformat<\/div><div class=\"su-spoiler-content su-u-clearfix su-u-trim\">\n<figure class=\"wp-block-image\"><img loading=\"lazy\" decoding=\"async\" width=\"1024\" height=\"329\" src=\"https:\/\/office.suud.ch\/wp-content\/uploads\/2019\/06\/PreFormat-1024x329.png\" alt=\"\" class=\"wp-image-192\" srcset=\"https:\/\/office.suud.ch\/wp-content\/uploads\/2019\/06\/PreFormat-1024x329.png 1024w, https:\/\/office.suud.ch\/wp-content\/uploads\/2019\/06\/PreFormat-300x96.png 300w, https:\/\/office.suud.ch\/wp-content\/uploads\/2019\/06\/PreFormat-768x247.png 768w, https:\/\/office.suud.ch\/wp-content\/uploads\/2019\/06\/PreFormat.png 1168w\" sizes=\"(max-width: 1024px) 100vw, 1024px\" \/><figcaption>Abb. 3: Folien-Formate<\/figcaption><\/figure>\nWenn das 16:9-Format vom Beamer unterst\u00fctz wird, ist das 16:9-Format dem 4:3-Format vorzuziehen (siehe Abb. 3). Das 16:9-Format entspricht eher dem menschlichen Sichtfeld und wirkt moderner. \n<\/div><\/div>\n<\/div>\n\n\n\n<h2 class=\"wp-block-heading\">\u00dcbungen<\/h2>\n\n\n\n<div class=\"su-accordion su-u-trim\">\n<div class=\"su-spoiler su-spoiler-style-fancy su-spoiler-icon-plus su-spoiler-closed\" data-scroll-offset=\"0\" data-anchor-in-url=\"no\"><div class=\"su-spoiler-title\" tabindex=\"0\" role=\"button\"><span class=\"su-spoiler-icon\"><\/span>Design<\/div><div class=\"su-spoiler-content su-u-clearfix su-u-trim\">\nIn dieser \u00dcbung probierst du vorgefertigte Designs aus, sofern dies durch dein Pr\u00e4sentationsprogramm unterst\u00fctzt wird.\n<ol><li>Erzeuge eine neue, leere Pr\u00e4sentation, w\u00e4hle dabei ein geeignetes Design aus. Mit etwas Ausprobieren findest du sicher heraus wo du Designs ausw\u00e4hlen kannst (sonst hilft auch die interne Hilfe oder eine Internet-Suche).<\/li>\n<li>F\u00fclle ein paar Seiten mit beliebigen Inhalten.<\/li>\n<li>Teste danach verschiedene der angebotenen Designs aus.<\/li><\/ol>\n<\/div><\/div>\n<div class=\"su-spoiler su-spoiler-style-fancy su-spoiler-icon-plus su-spoiler-closed\" data-scroll-offset=\"0\" data-anchor-in-url=\"no\"><div class=\"su-spoiler-title\" tabindex=\"0\" role=\"button\"><span class=\"su-spoiler-icon\"><\/span>Folien\u00fcbersicht<\/div><div class=\"su-spoiler-content su-u-clearfix su-u-trim\">\nIn dieser \u00dcbung lernst du die Foliensortierung und Gliederungsansicht kennen, sofern das dein Pr\u00e4sentationsprogramm unterst\u00fctzt. Mit etwas Ausprobieren findest du sicher heraus wo du die Foliensortierung und Gliederungsansicht ausw\u00e4hlen kannst (sonst hilft auch die interne Hilfe oder eine Internet-Suche).\n<ol><li>\u00d6ffne eine beliebige, nicht leere Pr\u00e4sentation.<\/li>\n<li>Wechsle in die Gliederung und studiere, was genau in der Gliederung von den einzelnen Folien angezeigt wird.<\/li>\n<li>\u00c4ndere in der Gliederung die Positionen einiger Folien.<\/li>\n<li>\u00d6ffne die Foliensortierung.<\/li>\n<li>\u00c4ndere in der Foliensortierung die Positionen einiger Folien.<\/li><\/ol>\n<\/div><\/div>\n<\/div>\n\n\n\n<h2 class=\"wp-block-heading\">Umsetzungstipps<\/h2>\n\n\n\n<div class=\"su-accordion su-u-trim\">\n<div class=\"su-spoiler su-spoiler-style-fancy su-spoiler-icon-plus su-spoiler-closed\" data-scroll-offset=\"0\" data-anchor-in-url=\"no\"><div class=\"su-spoiler-title\" tabindex=\"0\" role=\"button\"><span class=\"su-spoiler-icon\"><\/span>Microsoft PowerPoint online<\/div><div class=\"su-spoiler-content su-u-clearfix su-u-trim\">\nDie Foliensortierung und die Gliederungsansicht werden nicht unterst\u00fctzt.\n<\/div><\/div>\n<div class=\"su-spoiler su-spoiler-style-fancy su-spoiler-icon-plus su-spoiler-closed\" data-scroll-offset=\"0\" data-anchor-in-url=\"no\"><div class=\"su-spoiler-title\" tabindex=\"0\" role=\"button\"><span class=\"su-spoiler-icon\"><\/span>Google Pr\u00e4sentationen<\/div><div class=\"su-spoiler-content su-u-clearfix su-u-trim\">\nDie Foliensortierung heisst &#171;Rasteransicht&#187;, die Gliederungsansicht wird nicht unterst\u00fctzt.\n<\/div><\/div>\n<\/div>\n\n\n\n<div style=\"height:20px\" aria-hidden=\"true\" class=\"wp-block-spacer\"><\/div>\n\n\n<p><a class=\"back_button\" href=\"https:\/\/office.suud.ch\/index.php\/preintro\/\">\u25c4&nbsp;&nbsp;Zur\u00fcck&nbsp;<\/a><\/p>","protected":false},"excerpt":{"rendered":"<p>Layout und Struktur Die meisten Pr\u00e4sentationsprogramme unterst\u00fctzen eine Trennung von Layout, Struktur und Inhalt. Layout Oft wird es als \u00e4sthetisch empfunden, wenn alle Folien einer Pr\u00e4sentation ein einheitliches Layout aufweisen. In den meisten Pr\u00e4sentationsprogrammen l\u00e4sst sich ein einheitliches Design voreinstellen, d.h. es kann aus verschiedenen vorgefertigten Designs ausgew\u00e4hlt werden. Wie eigene Designs selber erstellt und [&hellip;]<\/p>\n","protected":false},"author":1,"featured_media":0,"parent":0,"menu_order":0,"comment_status":"open","ping_status":"closed","template":"","meta":{"footnotes":""},"_links":{"self":[{"href":"https:\/\/office.suud.ch\/index.php\/wp-json\/wp\/v2\/pages\/180"}],"collection":[{"href":"https:\/\/office.suud.ch\/index.php\/wp-json\/wp\/v2\/pages"}],"about":[{"href":"https:\/\/office.suud.ch\/index.php\/wp-json\/wp\/v2\/types\/page"}],"author":[{"embeddable":true,"href":"https:\/\/office.suud.ch\/index.php\/wp-json\/wp\/v2\/users\/1"}],"replies":[{"embeddable":true,"href":"https:\/\/office.suud.ch\/index.php\/wp-json\/wp\/v2\/comments?post=180"}],"version-history":[{"count":17,"href":"https:\/\/office.suud.ch\/index.php\/wp-json\/wp\/v2\/pages\/180\/revisions"}],"predecessor-version":[{"id":1221,"href":"https:\/\/office.suud.ch\/index.php\/wp-json\/wp\/v2\/pages\/180\/revisions\/1221"}],"wp:attachment":[{"href":"https:\/\/office.suud.ch\/index.php\/wp-json\/wp\/v2\/media?parent=180"}],"curies":[{"name":"wp","href":"https:\/\/api.w.org\/{rel}","templated":true}]}}