{"id":22,"date":"2019-06-14T11:58:55","date_gmt":"2019-06-14T11:58:55","guid":{"rendered":"https:\/\/office.suud.ch\/?page_id=22"},"modified":"2019-10-17T19:41:57","modified_gmt":"2019-10-17T19:41:57","slug":"tabintro","status":"publish","type":"page","link":"https:\/\/office.suud.ch\/index.php\/tabintro\/","title":{"rendered":"TabIntro"},"content":{"rendered":"\n<h1 class=\"wp-block-heading\">Tabellenkalkulation<\/h1>\n\n\n\n<div class=\"su-accordion su-u-trim\">\n<div class=\"su-spoiler su-spoiler-style-fancy su-spoiler-icon-plus su-spoiler-closed\" data-scroll-offset=\"0\" data-anchor-in-url=\"no\"><div class=\"su-spoiler-title\" tabindex=\"0\" role=\"button\"><span class=\"su-spoiler-icon\"><\/span>Gebrauch der Webseite<\/div><div class=\"su-spoiler-content su-u-clearfix su-u-trim\">\n<p>Diese Webseite hilft dir dabei dir selber beizubringen, wie du deine Tabellenkalkulationssoftware sinnvoll einsetzen kannst, auf was du dabei achten musst und warum.<\/p>\n<p>Was du nicht durch Ausprobieren herausfindest, recherchierst du f\u00fcr die \u00dcbungen in der Tabellenkalkulationshilfe oder im Internet nach (das erste Kapitel &#171;Grundlagen Tabellenkalkulation&#187; hilft dir dabei).<\/p>\n<p>Du kannst diese Webseite auf einem zweiten Ger\u00e4t (Smartphone, Tablet) \u00f6ffnen oder dir die Webseite in einer Bildschirmh\u00e4lfte anzeigen lassen und in der anderen arbeiten.<\/p>\n<\/div><\/div>\n<div class=\"su-spoiler su-spoiler-style-fancy su-spoiler-icon-plus su-spoiler-closed\" data-scroll-offset=\"0\" data-anchor-in-url=\"no\"><div class=\"su-spoiler-title\" tabindex=\"0\" role=\"button\"><span class=\"su-spoiler-icon\"><\/span>Informationen f\u00fcr Lehrpersonen<\/div><div class=\"su-spoiler-content su-u-clearfix su-u-trim\">\n<p>Diese Office-Webseite eignet sich dazu Auftr\u00e4ge zu unterst\u00fctzen wie:<\/p> \n<p><em>Erstellen Sie eine Tabelle mit Diagramm aus den Daten X wobei Sie bei der Umsetzung auf A, B und C achten. Wenn Sie nicht (mehr) wissen wie A, B und C umzusetzen sind, so konsultieren Sie die Office-Webseite<\/em>.<\/p>\n<p>Mit dem Recherche-Umweg \u00fcber diese Office-Webseite erhoffen wir uns ein vertieftes Verst\u00e4ndnis des Office-Gebrauchs sowie eine Zeitersparnis beim selbst\u00e4ndigen Erlernen der Office-Produkte.<\/p>\n<p>Diese Office-Webseite\n<ul><li>vermittelt produktunabh\u00e4ngig die zugrundeliegenden Konzepte der g\u00e4ngigen Tabellenkalkulationsprogramme<\/li>\n<li>gibt Hinweise nach welchen Begriffen f\u00fcr einen vern\u00fcnftigen Gebrauch recherchiert werden sollte<\/li>\n<li>gibt Umsetzungstipps bei Fragen, bei welchen eine Recherche unter Umst\u00e4nden l\u00e4nger dauern k\u00f6nnte<\/li><\/ul><\/p>\n<\/div><\/div>\n<\/div>\n\n\n\n<h3 class=\"wp-block-heading\">Grundlegende Konzepte<\/h3>\n\n\n\n<ul><li><a href=\"https:\/\/office.suud.ch\/index.php\/tabgrundlagen\/\">Grundlagen<\/a><\/li><li><a href=\"https:\/\/office.suud.ch\/index.php\/tabzusammenarbeit\/\">Online Zusammenarbeiten<\/a><\/li><li><a href=\"https:\/\/office.suud.ch\/index.php\/tabzelletabellenblatt\/\">Zelle, Zeile\/Spalte, Tabellenblatt<\/a><\/li><li><a href=\"https:\/\/office.suud.ch\/index.php\/tabdatendatentypen\/\">Daten und Datentypen<\/a><\/li><li><a href=\"https:\/\/office.suud.ch\/index.php\/tabformelnfunktionen\/\">Formeln und Funktionen<\/a><\/li><li><a href=\"https:\/\/office.suud.ch\/index.php\/tabdiagramme\/\">Diagramme<\/a><\/li><li><a href=\"https:\/\/office.suud.ch\/index.php\/tabsortierenfiltern\/\">Filtern und Sortieren<\/a><\/li><\/ul>\n\n\n\n<h3 class=\"wp-block-heading\">Weiterf\u00fchrende Konzepte<\/h3>\n\n\n\n<ul><li><a href=\"https:\/\/office.suud.ch\/index.php\/tabadressierung\/\">Adressierung<\/a><\/li><li><a href=\"https:\/\/office.suud.ch\/index.php\/tabfunktionendiagramme\/\">Komplexe Funktionen und Diagramme<\/a><\/li><li><a href=\"https:\/\/office.suud.ch\/index.php\/tabbedingteformatierung\/\">Bedingte Formatierung<\/a><\/li><li><a href=\"https:\/\/office.suud.ch\/index.php\/tabdrucken\/\">Tabellen drucken<\/a><\/li><\/ul>\n\n\n\n<h3 class=\"wp-block-heading\">Zus\u00e4tzliche Tipps<\/h3>\n\n\n\n<ul><li><a href=\"https:\/\/office.suud.ch\/index.php\/tabausfuellen\/\">Automatisches Ausf\u00fcllen<\/a><\/li><li><a href=\"https:\/\/office.suud.ch\/index.php\/tabfixieren\/\">Fixieren<\/a><\/li><\/ul>\n\n\n\n<hr class=\"wp-block-separator\"\/>\n\n\n\n<p class=\"has-small-font-size\">Logo-Bild-Quelle: &#171;<a href=\"https:\/\/pixabay.com\/de\/vectors\/tabellenkalkulation-excel-tisch-98491\/\">tabellenkalkulation<\/a>&#187; by <a href=\"https:\/\/pixabay.com\/de\/users\/openicons-28911\/\"> OpenIcons <\/a> on <a href=\" https:\/\/pixabay.com\/\"> pixabay <\/a> under <a href=\" https:\/\/pixabay.com\/service\/license\/\"> pixabay licence <\/a><\/p>\n","protected":false},"excerpt":{"rendered":"<p>Tabellenkalkulation Grundlegende Konzepte Grundlagen Online Zusammenarbeiten Zelle, Zeile\/Spalte, Tabellenblatt Daten und Datentypen Formeln und Funktionen Diagramme Filtern und Sortieren Weiterf\u00fchrende Konzepte Adressierung Komplexe Funktionen und Diagramme Bedingte Formatierung Tabellen drucken Zus\u00e4tzliche Tipps Automatisches Ausf\u00fcllen Fixieren Logo-Bild-Quelle: &#171;tabellenkalkulation&#187; by OpenIcons on pixabay under pixabay licence<\/p>\n","protected":false},"author":1,"featured_media":0,"parent":0,"menu_order":0,"comment_status":"open","ping_status":"closed","template":"","meta":{"footnotes":""},"_links":{"self":[{"href":"https:\/\/office.suud.ch\/index.php\/wp-json\/wp\/v2\/pages\/22"}],"collection":[{"href":"https:\/\/office.suud.ch\/index.php\/wp-json\/wp\/v2\/pages"}],"about":[{"href":"https:\/\/office.suud.ch\/index.php\/wp-json\/wp\/v2\/types\/page"}],"author":[{"embeddable":true,"href":"https:\/\/office.suud.ch\/index.php\/wp-json\/wp\/v2\/users\/1"}],"replies":[{"embeddable":true,"href":"https:\/\/office.suud.ch\/index.php\/wp-json\/wp\/v2\/comments?post=22"}],"version-history":[{"count":21,"href":"https:\/\/office.suud.ch\/index.php\/wp-json\/wp\/v2\/pages\/22\/revisions"}],"predecessor-version":[{"id":1125,"href":"https:\/\/office.suud.ch\/index.php\/wp-json\/wp\/v2\/pages\/22\/revisions\/1125"}],"wp:attachment":[{"href":"https:\/\/office.suud.ch\/index.php\/wp-json\/wp\/v2\/media?parent=22"}],"curies":[{"name":"wp","href":"https:\/\/api.w.org\/{rel}","templated":true}]}}