{"id":411,"date":"2019-06-24T21:26:38","date_gmt":"2019-06-24T21:26:38","guid":{"rendered":"https:\/\/office.suud.ch\/?page_id=411"},"modified":"2020-07-18T15:04:45","modified_gmt":"2020-07-18T15:04:45","slug":"presmartart","status":"publish","type":"page","link":"https:\/\/office.suud.ch\/index.php\/presmartart\/","title":{"rendered":"PreSmartArtDigramme"},"content":{"rendered":"\n<h1 class=\"wp-block-heading\">SmartArt und Diagramme<\/h1>\n\n\n\n<h2 class=\"wp-block-heading\">Illustrative Objekte<\/h2>\n\n\n\n<p>Die meisten Pr\u00e4sentationsprogramme stellen eine Vielzahl von illustrativen Elementen zur Verf\u00fcgung. Sie eignen sich dazu, Inhalte klarer darzustellen.<\/p>\n\n\n\n<h2 class=\"wp-block-heading\">SmartArt<\/h2>\n\n\n\n<p>SmartArt sind beschriftbare Grafiken, mit welchen sich z.B. zeitliche Abfolgen, eine Prozesse etc. bildlich darstellen lassen (siehe Abb.1).<\/p>\n\n\n\n<div class=\"wp-block-image\"><figure class=\"aligncenter\"><img loading=\"lazy\" decoding=\"async\" width=\"234\" height=\"114\" src=\"https:\/\/office.suud.ch\/wp-content\/uploads\/2019\/07\/SmartArt.png\" alt=\"\" class=\"wp-image-514\"\/><figcaption>Abb.1: SmartArt-Beispiele<\/figcaption><\/figure><\/div>\n\n\n\n<h2 class=\"wp-block-heading\">Diagramme<\/h2>\n\n\n\n<p>Diagramme bieten die M\u00f6glichkeit, Daten \u00fcbersichtlich und visuell ansprechend zu pr\u00e4sentieren (siehe Abb.2).<\/p>\n\n\n\n<div class=\"wp-block-image\"><figure class=\"aligncenter\"><img loading=\"lazy\" decoding=\"async\" width=\"591\" height=\"151\" src=\"https:\/\/office.suud.ch\/wp-content\/uploads\/2019\/07\/SmartArt_small.png\" alt=\"\" class=\"wp-image-516\" srcset=\"https:\/\/office.suud.ch\/wp-content\/uploads\/2019\/07\/SmartArt_small.png 591w, https:\/\/office.suud.ch\/wp-content\/uploads\/2019\/07\/SmartArt_small-300x77.png 300w\" sizes=\"(max-width: 591px) 100vw, 591px\" \/><figcaption>Abb.2: Diagramm-Beispiele<\/figcaption><\/figure><\/div>\n\n\n\n<p>\nDie grossen Office Pakete erlauben es, Diagramme zusammen mit den \nzugeh\u00f6rigen Daten in eine Folie einzuf\u00fcgen. Dabei wird zus\u00e4tzlich zur \nPr\u00e4sentation ein zweites Fenster mit der zugeh\u00f6rigen Datentabelle \nge\u00f6ffnet. \u00dcber diese ist es m\u00f6glich, Daten einzugeben (oder abzu\u00e4ndern).<br><\/p>\n\n\n\n<h2 class=\"wp-block-heading\">\u00dcbungen<\/h2>\n\n\n\n<div class=\"su-accordion su-u-trim\">\n<div class=\"su-spoiler su-spoiler-style-fancy su-spoiler-icon-plus su-spoiler-closed\" data-scroll-offset=\"0\" data-anchor-in-url=\"no\"><div class=\"su-spoiler-title\" tabindex=\"0\" role=\"button\"><span class=\"su-spoiler-icon\"><\/span>SmartArt<\/div><div class=\"su-spoiler-content su-u-clearfix su-u-trim\">\n<ol><li>Stelle auf einer leeren Folie den Prozess &#171;Idee -> Umsetzung -> Test -> Daraus Lernen&#187; visuell dar. Du kannst, musst dich dabei aber nicht an der untenstehenden Abbildung orientieren.<\/li><\/ol>\n<div class=\"wp-block-image\"><figure class=\"aligncenter\"><img decoding=\"async\" src=\"https:\/\/office.suud.ch\/wp-content\/uploads\/2019\/07\/\u00dcbungSmartArt.png\" alt=\"\" class=\"wp-image-520\"\/><\/figure><\/div>\n<\/div><\/div>\n<div class=\"su-spoiler su-spoiler-style-fancy su-spoiler-icon-plus su-spoiler-closed\" data-scroll-offset=\"0\" data-anchor-in-url=\"no\"><div class=\"su-spoiler-title\" tabindex=\"0\" role=\"button\"><span class=\"su-spoiler-icon\"><\/span>Diagramme<\/div><div class=\"su-spoiler-content su-u-clearfix su-u-trim\">\n<em>&#171;Emma nimmt sich auf das neue Jahr vor etwas f\u00fcr ihre Fitness zu tun und trainiert Liegest\u00fctzen. Nach dem ersten Monat (Januar) schafft sie 30 Liegest\u00fctzen am St\u00fcck. Ende Februar sind es 45 Liegest\u00fctzen. Ende M\u00e4rz schafft sie 53 Liegest\u00fctzen und Ende April macht sie genau 60 St\u00fcck.&#187;<\/em>\n<br><br>\n<b>Aufgabe:<\/b>\n<ol><li>Du h\u00e4lst einen Vortrag \u00fcber &#171;Fit werden ohne Fitness-Studio&#187;. Dort m\u00f6chtest du \u00fcber Emmas Erfolg berichten. Stelle auf einer Folie den Trainingsverlauf von Emma in Form eines Diagrams dar.<\/li><\/ol>\n<\/div><\/div>\n<\/div>\n\n\n\n<h2 class=\"wp-block-heading\">Umsetzungstipps<\/h2>\n\n\n\n<div class=\"su-accordion su-u-trim\">\n<div class=\"su-spoiler su-spoiler-style-fancy su-spoiler-icon-plus su-spoiler-closed\" data-scroll-offset=\"0\" data-anchor-in-url=\"no\"><div class=\"su-spoiler-title\" tabindex=\"0\" role=\"button\"><span class=\"su-spoiler-icon\"><\/span>Microsoft PowerPoint online<\/div><div class=\"su-spoiler-content su-u-clearfix su-u-trim\">\nDiagramme lassen sich nicht mit der zugeh\u00f6rigen Daten-Tabelle erzeugen. Ein Diagramm muss in einem anderen Programm erstellt und als Grafik eingebunden werden.\n<\/div><\/div>\n<\/div>\n\n\n\n<div style=\"height:20px\" aria-hidden=\"true\" class=\"wp-block-spacer\"><\/div>\n\n\n<p><a class=\"back_button\" href=\"https:\/\/office.suud.ch\/index.php\/preintro\/\">\u25c4&nbsp;&nbsp;Zur\u00fcck&nbsp;<\/a><\/p>","protected":false},"excerpt":{"rendered":"<p>SmartArt und Diagramme Illustrative Objekte Die meisten Pr\u00e4sentationsprogramme stellen eine Vielzahl von illustrativen Elementen zur Verf\u00fcgung. Sie eignen sich dazu, Inhalte klarer darzustellen. SmartArt SmartArt sind beschriftbare Grafiken, mit welchen sich z.B. zeitliche Abfolgen, eine Prozesse etc. bildlich darstellen lassen (siehe Abb.1). Diagramme Diagramme bieten die M\u00f6glichkeit, Daten \u00fcbersichtlich und visuell ansprechend zu pr\u00e4sentieren (siehe [&hellip;]<\/p>\n","protected":false},"author":1,"featured_media":0,"parent":0,"menu_order":0,"comment_status":"open","ping_status":"closed","template":"","meta":{"footnotes":""},"_links":{"self":[{"href":"https:\/\/office.suud.ch\/index.php\/wp-json\/wp\/v2\/pages\/411"}],"collection":[{"href":"https:\/\/office.suud.ch\/index.php\/wp-json\/wp\/v2\/pages"}],"about":[{"href":"https:\/\/office.suud.ch\/index.php\/wp-json\/wp\/v2\/types\/page"}],"author":[{"embeddable":true,"href":"https:\/\/office.suud.ch\/index.php\/wp-json\/wp\/v2\/users\/1"}],"replies":[{"embeddable":true,"href":"https:\/\/office.suud.ch\/index.php\/wp-json\/wp\/v2\/comments?post=411"}],"version-history":[{"count":16,"href":"https:\/\/office.suud.ch\/index.php\/wp-json\/wp\/v2\/pages\/411\/revisions"}],"predecessor-version":[{"id":1214,"href":"https:\/\/office.suud.ch\/index.php\/wp-json\/wp\/v2\/pages\/411\/revisions\/1214"}],"wp:attachment":[{"href":"https:\/\/office.suud.ch\/index.php\/wp-json\/wp\/v2\/media?parent=411"}],"curies":[{"name":"wp","href":"https:\/\/api.w.org\/{rel}","templated":true}]}}