{"id":61,"date":"2019-06-15T07:08:28","date_gmt":"2019-06-15T07:08:28","guid":{"rendered":"https:\/\/office.suud.ch\/?page_id=61"},"modified":"2020-07-18T14:22:32","modified_gmt":"2020-07-18T14:22:32","slug":"template","status":"publish","type":"page","link":"https:\/\/office.suud.ch\/index.php\/template\/","title":{"rendered":"PreMultimedia"},"content":{"rendered":"\n<h1 class=\"wp-block-heading\">Multimedia<\/h1>\n\n\n\n<h2 class=\"wp-block-heading\">Bild<\/h2>\n\n\n\n<p>Bilder werden besser aufgenommen als Sprache oder Text. Ein Bild kann das Gesagte glaubhafter oder emotionaler erscheinen lassen.<\/p>\n\n\n\n<p>Bilder lassen in den meisten Pr\u00e4sentationsprogrammen bearbeiten, z.B. Zuschneiden, Vergr\u00f6ssern etc. Ist die Bildqualit\u00e4t nach dem Vergr\u00f6ssern zu schlecht, so muss das Bild durch eine andere Version oder ein anderes Bild mit einer gr\u00f6sseren Anzahl Bildpunkten (Pixeln) ersetzt werden.<\/p>\n\n\n\n<h2 class=\"wp-block-heading\">Audio, Video, Animation<\/h2>\n\n\n\n<p>Audio, Video und\nAnimationen k\u00f6nnen Dinge gut erkl\u00e4ren, Emotionen vermitteln und einen Echtheitscharakter vermitteln.<\/p>\n\n\n\n<p>Aber Achtung, viele oder lange Videos k\u00f6nnen zu sehr grossen Pr\u00e4sentationsfiles f\u00fchren. Je nach Computer k\u00f6nnen solche Pr\u00e4sentationen den Computer verlangsamen. Zudem k\u00f6nnen sehr grosse Pr\u00e4sentationsfiles nur schlecht per E-Mail verschickt werden (grosse Files k\u00f6nnen \u00fcber Cloudspeicher geteilt werden).<\/p>\n\n\n\n<p>Im Gegensatz zu Bildern lassen sich Audio, Video und Animationen nicht in einem vergleichbaren Mass nachtr\u00e4glich auf einer Folie bearbeiten (Anfang und Ende lassen sich meist zuschneiden). Daher ist besonders darauf zu achten, dass die Audio-, Video- und Animations-Dateien \u00fcber gen\u00fcgende Ton- und Bildqualit\u00e4t und gen\u00fcgend grosse Aufnahmelautst\u00e4rken verf\u00fcgen.<\/p>\n\n\n\n<div class=\"su-accordion su-u-trim\">\n<div class=\"su-spoiler su-spoiler-style-fancy su-spoiler-icon-plus su-spoiler-closed\" data-scroll-offset=\"0\" data-anchor-in-url=\"no\"><div class=\"su-spoiler-title\" tabindex=\"0\" role=\"button\"><span class=\"su-spoiler-icon\"><\/span>Zusatz: Multimedia-Einsatz<\/div><div class=\"su-spoiler-content su-u-clearfix su-u-trim\">\nBei Vortr\u00e4gen macht es Sinn, Stimme, Mimik und Gestik, sowie Text, Bild, Audio, Video und Animation so einzusetzen, dass Auge und Ohr gleichzeitig angesprochen werden. Dabei sollten aber Auge und Ohr gleichzeitig keine identischen oder sich widersprechende Informationen erhalten. Z.B. ist es schlecht, den Text auf einer Folie eins zu eins abzulesen.\n<\/div><\/div>\n<div class=\"su-spoiler su-spoiler-style-fancy su-spoiler-icon-plus su-spoiler-closed\" data-scroll-offset=\"0\" data-anchor-in-url=\"no\"><div class=\"su-spoiler-title\" tabindex=\"0\" role=\"button\"><span class=\"su-spoiler-icon\"><\/span>Zusatz: Multimedia-Formate<\/div><div class=\"su-spoiler-content su-u-clearfix su-u-trim\">\n<p>Bei den Bildern werden von dem meisten Pr\u00e4sentationsprogrammen praktisch alle Formate untest\u00fctzt.<\/p>\n<p>Als Audioformat eignet sich z.B. das weit verbreitete mp3-Format, welches praktisch von jedem Pr\u00e4sentationsprogramm unters\u00fctzt wird.<\/p>\n<p>F\u00fcr Video bietet das mp4-Format gute Qualit\u00e4t bei geringer Gr\u00f6sse. Da es verschiedene Varianten von mp4-Formaten gibt, kann es (speziell auf Windows-Ger\u00e4ten) vorkommen, dass ein spezifisches mp4-File nicht abgespielt wird. Dann kann ein Umwandeln des Videos mit einem geeigneten (online) Tool in eine anderes Format helfen (auf Windows sollte das wmv-Format immer funktionieren).<\/p>\n<\/div><\/div>\n<\/div>\n\n\n\n<h2 class=\"wp-block-heading\">\u00dcbungen<\/h2>\n\n\n\n<div class=\"su-accordion su-u-trim\">\n<div class=\"su-spoiler su-spoiler-style-fancy su-spoiler-icon-plus su-spoiler-closed\" data-scroll-offset=\"0\" data-anchor-in-url=\"no\"><div class=\"su-spoiler-title\" tabindex=\"0\" role=\"button\"><span class=\"su-spoiler-icon\"><\/span>Bilder bearbeiten<\/div><div class=\"su-spoiler-content su-u-clearfix su-u-trim\">\nMit etwas Ausprobieren findest du sicher heraus wie die folgenden Schritte funktionieren. In einigen Pr\u00e4sentationsprogrammen erscheint ein zus\u00e4tzlicher Men\u00fcpunkt, wenn du auf ein Bild in der Pr\u00e4sentation klickst. Zudem k\u00f6nnen \u00fcber die rechte Maustasate weitere Optionen festgelegt werden. Ansonsten hilft dir auch die interne Hilfe oder eine Internet-Suche.\n<ol><li>Erzeuge eine neue, leere Pr\u00e4sentation.<\/li>\n<li>F\u00fcge auf einer Folie ein Bild (z.B. eine Grafik) und ein Foto ein.<\/li>\n<li>Schneide die Bilder nach Wunsch zu und passe die Gr\u00f6ssen nach eigenem Gutd\u00fcnken an.<\/li>\n<li>Ver\u00e4ndere Kontrast, Helligkeit und Sch\u00e4rfe.<\/li><\/ol>\n<\/div><\/div>\n<div class=\"su-spoiler su-spoiler-style-fancy su-spoiler-icon-plus su-spoiler-closed\" data-scroll-offset=\"0\" data-anchor-in-url=\"no\"><div class=\"su-spoiler-title\" tabindex=\"0\" role=\"button\"><span class=\"su-spoiler-icon\"><\/span>Mehrere Bilder<\/div><div class=\"su-spoiler-content su-u-clearfix su-u-trim\">\n<ol><li>Erzeuge eine neue, leere Pr\u00e4sentation.<\/li>\n<li>F\u00fcge auf einer Folie zwei Bilder ein wovon mindestens eines einen einfarbigen Hintergrund aufweist.<\/li>\n<li>Schiebe die Bilder \u00fcbereinander und finde heraus wie du mal das eine Bild in den Vordergrund holen kannst (so dass es das andere \u00fcberdeckt) und mal das andere.<\/li>\n<li>Manche Pr\u00e4sentationsprogramme erlauben es eine Farbe als &#171;transparente Farbe&#187; zu auszuw\u00e4hlen. Diese Farbe wird dann &#171;unsichtbar&#187; und alles was hinter dieser Farbe liegt wird sichtbar. Finde heraus ob dein Programm dies unterst\u00fctzt und wie sich das umsetzen l\u00e4sst. Probiere es gleich aus, in dem du im Bild mit dem einfarbigen Hintergrund die Hintergrundfarbe als transparent bestimmst.<\/li>\n<li>F\u00fcge auf einer Folie mehere Bilder ein und ordne diese \u00fcbersichtlich an. In manchen Pr\u00e4sentationsprogrammen k\u00f6nnen die Bilder auf eine Folie automatisch zentriert oder mehrere Bilder per Klick gleichm\u00e4ssig verteilt werden.<\/li><\/ol>\n<\/div><\/div>\n<div class=\"su-spoiler su-spoiler-style-fancy su-spoiler-icon-plus su-spoiler-closed\" data-scroll-offset=\"0\" data-anchor-in-url=\"no\"><div class=\"su-spoiler-title\" tabindex=\"0\" role=\"button\"><span class=\"su-spoiler-icon\"><\/span>Audio und Video Einf\u00fcgen<\/div><div class=\"su-spoiler-content su-u-clearfix su-u-trim\">\n<ol><li>\u00d6ffne eine beliebige, nicht leere, Pr\u00e4sentation.<\/li>\n<li>F\u00fcge je eine geeignete Audio- und Video-Datei auf unterschiedlichen Seiten ein.<\/li>\n<li>Falls m\u00f6glich, scheide Audio und Video zu und regele die Lautst\u00e4rke so, dass beide Medien in etwa gleich laut sind.<\/li>\n<li>Stelle Audio und Video so ein, dass diese automatisch abgespielt werden, wenn du auf die entsprechenden Folien wechselst.<\/li><\/ol>\n<\/div><\/div>\n<\/div>\n\n\n\n<h2 class=\"wp-block-heading\">Umsetzungstipps<\/h2>\n\n\n\n<div class=\"su-accordion su-u-trim\">\n<div class=\"su-spoiler su-spoiler-style-fancy su-spoiler-icon-plus su-spoiler-closed\" data-scroll-offset=\"0\" data-anchor-in-url=\"no\"><div class=\"su-spoiler-title\" tabindex=\"0\" role=\"button\"><span class=\"su-spoiler-icon\"><\/span>Microsoft PowerPoint online<\/div><div class=\"su-spoiler-content su-u-clearfix su-u-trim\">\nEs l\u00e4sst sich keine transparente Farbe bestimmen.\n<\/div><\/div>\n<div class=\"su-spoiler su-spoiler-style-fancy su-spoiler-icon-plus su-spoiler-closed\" data-scroll-offset=\"0\" data-anchor-in-url=\"no\"><div class=\"su-spoiler-title\" tabindex=\"0\" role=\"button\"><span class=\"su-spoiler-icon\"><\/span>Google Pr\u00e4sentationen<\/div><div class=\"su-spoiler-content su-u-clearfix su-u-trim\">\nEs l\u00e4sst sich keine transparente Farbe bestimmen.\n<\/div><\/div>\n<\/div>\n\n\n\n<div style=\"height:20px\" aria-hidden=\"true\" class=\"wp-block-spacer\"><\/div>\n\n\n<p><a class=\"back_button\" href=\"https:\/\/office.suud.ch\/index.php\/preintro\/\">\u25c4&nbsp;&nbsp;Zur\u00fcck&nbsp;<\/a><\/p>","protected":false},"excerpt":{"rendered":"<p>Multimedia Bild Bilder werden besser aufgenommen als Sprache oder Text. Ein Bild kann das Gesagte glaubhafter oder emotionaler erscheinen lassen. Bilder lassen in den meisten Pr\u00e4sentationsprogrammen bearbeiten, z.B. Zuschneiden, Vergr\u00f6ssern etc. Ist die Bildqualit\u00e4t nach dem Vergr\u00f6ssern zu schlecht, so muss das Bild durch eine andere Version oder ein anderes Bild mit einer gr\u00f6sseren Anzahl [&hellip;]<\/p>\n","protected":false},"author":1,"featured_media":0,"parent":0,"menu_order":0,"comment_status":"open","ping_status":"closed","template":"","meta":{"footnotes":""},"_links":{"self":[{"href":"https:\/\/office.suud.ch\/index.php\/wp-json\/wp\/v2\/pages\/61"}],"collection":[{"href":"https:\/\/office.suud.ch\/index.php\/wp-json\/wp\/v2\/pages"}],"about":[{"href":"https:\/\/office.suud.ch\/index.php\/wp-json\/wp\/v2\/types\/page"}],"author":[{"embeddable":true,"href":"https:\/\/office.suud.ch\/index.php\/wp-json\/wp\/v2\/users\/1"}],"replies":[{"embeddable":true,"href":"https:\/\/office.suud.ch\/index.php\/wp-json\/wp\/v2\/comments?post=61"}],"version-history":[{"count":43,"href":"https:\/\/office.suud.ch\/index.php\/wp-json\/wp\/v2\/pages\/61\/revisions"}],"predecessor-version":[{"id":1200,"href":"https:\/\/office.suud.ch\/index.php\/wp-json\/wp\/v2\/pages\/61\/revisions\/1200"}],"wp:attachment":[{"href":"https:\/\/office.suud.ch\/index.php\/wp-json\/wp\/v2\/media?parent=61"}],"curies":[{"name":"wp","href":"https:\/\/api.w.org\/{rel}","templated":true}]}}