{"id":669,"date":"2019-08-24T15:29:30","date_gmt":"2019-08-24T15:29:30","guid":{"rendered":"https:\/\/office.suud.ch\/?page_id=669"},"modified":"2023-10-13T15:55:14","modified_gmt":"2023-10-13T15:55:14","slug":"texgestaltung","status":"publish","type":"page","link":"https:\/\/office.suud.ch\/index.php\/texgestaltung\/","title":{"rendered":"TexGestaltung"},"content":{"rendered":"\n<h1 class=\"wp-block-heading\">Ergonomische Textgestaltung<\/h1>\n\n\n\n<div style=\"height:20px\" aria-hidden=\"true\" class=\"wp-block-spacer\"><\/div>\n\n\n<div class=\"su-box su-box-style-default\" id=\"\" style=\"border-color:#000d63;border-radius:10px\"><div class=\"su-box-title\" style=\"background-color:#004096;color:#FFFFFF;border-top-left-radius:8px;border-top-right-radius:8px\">\ud83d\udca1 Merksatz<\/div><div class=\"su-box-content su-u-clearfix su-u-trim\" style=\"border-bottom-left-radius:8px;border-bottom-right-radius:8px\">Textdokumente sollten so gestaltet werden, dass diese m\u00f6glichst schnell, mit m\u00f6glichst wenig Aufwand gelesen werden k\u00f6nnen.<\/div><\/div>\n\n\n\n<div style=\"height:20px\" aria-hidden=\"true\" class=\"wp-block-spacer\"><\/div>\n\n\n\n<h3 class=\"wp-block-heading\">Textbreite<\/h3>\n\n\n\n<p>Beim Lesen von langen Textzeilen muss unser Auge relativ viel Weg machen. Bei kurzen Textzeilen sind erheblich weniger Augenbewegungen n\u00f6tig. Das Profiprogramm LaTeX verwendet f\u00fcr die gebr\u00e4uchlichen 10\u201312 Punkt Schriften eine angenehme Zeilenl\u00e4nge von c.a. 13,5 cm. Word hingegen benutzt eine st\u00e4rker erm\u00fcdende Zeilenl\u00e4nge von 16 cm (vermutlich um beim Drucken Papier zu sparen). Mache das Browserfenster einmal sehr breit und einmal sehr schmal \u2013 was ist angenehmer zu lesen?<\/p>\n\n\n\n<p>\ud83d\udca1 Bei Dokumenten, welche nicht gedruckt werden, spielt der Papierverbrauch keine Rolle. Bei Dokumenten, welche gedruckt werden, ist ein mehrspaltiges Layout (wie bei einer Zeitung) vorzuziehen, es spart Papier und ist gleichzeitig auch angenehm zu lesen.<\/p>\n\n\n\n<h3 class=\"wp-block-heading\">Satz<\/h3>\n\n\n\n<p style=\"text-align: justify;\">Beim Blocksatz (Text, der links- und rechtsb\u00fcndig ist) sind alle Zeilen gleich lang. Blocksatz wirkt formal und eignet sich f\u00fcr mehrspaltige Texte. Eine Silbentrennung ist dabei zu empfehlen. Dieser Abschnitt ist in Blocksatz formatiert. Mache das Browserfenster einmal sehr breit und einmal sehr schmal, dann siehst du besonders gut im Vergleich zum nachfolgenden Abschnitt, wie Blocksatz wirkt.<\/p>\n\n\n\n<p>Beim Flattersatz (linksb\u00fcndig, mit variabler Zeilenbreite) sind alle Abst\u00e4nde zwischen den W\u00f6rtern gleich gross. Flattersatz wirkt modern und eignet sich f\u00fcr einspaltige Texte. Dieser Abschnitt ist in Flattersatz formatiert. Mache das Browserfenster einmal sehr breit und einmal sehr schmal, dann siehst du besonders gut im Vergleich zum vorangehenden Abschnitt, wie Flattersatz wirkt.<\/p>\n\n\n\n<h3 class=\"wp-block-heading\">Schriftwahl<\/h3>\n\n\n\n<p>Ein Dokument, das mehr als zwei verschiedene Schriftarten braucht (ausgenommen Sonderzeichen), wirkt f\u00fcr viele Menschen &#171;unelegant&#187;. Grob wird unterschieden zwischen:<ol><li><span style=\"font-family:'Times New Roman', Times, serif; font-size: 1.125em;\">Serifen-Schriften, mit kleinen F\u00fcsschen unten an den Buchstaben, wie in dieser Zeile (Schriftartenbeispiel: &#171;Times New Roman&#187;)<\/span><\/li><li>Serifenlose Schriften, ohne F\u00fcsschen, wie in dieser Zeile (Schriftartenbeispiel: &#171;Arial&#187;)<\/li><\/ol><\/p>\n\n\n\n<p>Serifen-Schriften lassen sich in der Regel angenehmer lesen, da die F\u00fcsschen eine Linie bilden, an welcher sich das Auge orientieren kann. Serifenlose Schriften werden jedoch als moderner und eleganter wahrgenommen. Um auch serifenlose Schriften angenehm lesen zu k\u00f6nnen, wird ein gr\u00f6sserer Zeilenabstand gew\u00e4hlt. So erscheinen die einzelnen Zeilen ebenfalls als Linien. <\/p>\n\n\n\n<p>\ud83d\udca1 Schriften werden in der Regel nicht im Textdokument mit abgelegt. Wird ein Textdokument offline auf einem fremden Computer ge\u00f6ffnet, m\u00fcssen die verwendeten Schriften auch auf dem fremden Computer vorhanden sein, um das Dokument originalgetreu wiedergeben zu k\u00f6nnen. Die Standardschriften \u201eArial\u201c und \u201eTimes New Roman\u201c sind praktisch auf jedem Computer zu finden.<\/p>\n\n\n\n<h3 class=\"wp-block-heading\"> Hervorheben <\/h3>\n\n\n\n<p> Text wird am besten <b>fett<\/b> oder <i>kursiv<\/i> hervorgehoben, <u>Unterstreichen<\/u> ist (speziell online) f\u00fcr Hyperlinks reserviert. <\/p>\n\n\n\n<h3 class=\"wp-block-heading\"> Layout Fehler <\/h3>\n\n\n\n<p>Folgendes ist zu vermeiden: <\/p>\n\n\n\n<ul>\n<li>Ein Absatz, der auf der letzten Zeile einer Seite beginnt (nur die erste Zeile ist auf einer Seite, der Rest ist auf der n\u00e4chsten).<\/li>\n\n\n\n<li>Ein Absatz, der auf der ersten Zeile einer Seite endet (abgesehen von der letzten Zeile ist alles auf der ersten Seite, die letzte Zeile ist auf der n\u00e4chsten).<\/li>\n<\/ul>\n\n\n\n<h2 class=\"wp-block-heading\">\u00dcbungen<\/h2>\n\n\n<div class=\"su-accordion su-u-trim texbox\"><div class=\"su-spoiler su-spoiler-style-fancy su-spoiler-icon-plus su-spoiler-closed\" data-scroll-offset=\"0\" data-anchor-in-url=\"no\"><div class=\"su-spoiler-title\" tabindex=\"0\" role=\"button\"><span class=\"su-spoiler-icon\"><\/span>Angenehme (ergonomische) Textgestaltung<\/div><div class=\"su-spoiler-content su-u-clearfix su-u-trim\">\n<ol>\n<li>Erzeuge in einem leeren Dokument mehrere Abs\u00e4tze (siehe Konzept <a target=\"_blank\" href=\"https:\/\/office.suud.ch\/index.php\/texfuelltext\/\" rel=\"noopener noreferrer\">F\u00fclltext erzeugen<\/a>).<\/li>\n<li>Finde heraus, wie du in deinem Textverarbeitungsprogramm die Zeilenbreite einstellen kannst. <strong>Tipp:<\/strong> Die Zeilenbreite wird indirekt \u00fcber die Breite der Seitenr\u00e4nder eingestellt. Wenn du den rechten und den linken Seitenrand breit genug machst, so wird Textbreite gen\u00fcgend schmal.<\/li>\n<li>Finde heraus, wie du in deinem Textverarbeitungsprogramm den Zeilenabstand anpassen kannst. H\u00e4ufig kann der Zeilenabstand bei den Einstellungen zum Absatz eingestellt werden.<\/li>\n<li>Finde heraus, ob und wie du in deinem Textverarbeitungsprogramm den Text mehrspaltig layouten kannst und ob und wie du eine automatische Silbentrennung aktivieren kannst.<\/li>\n<li>Finde heraus, wie du in deinem Textverarbeitungsprogramm verschiedene Schriften ausw\u00e4hlen kannst. Vergleiche ein paar serifenlose Schriften mit Serifen-Schriften.<\/li>\n<li>Gestalte dein Dokument nun so, dass dieses m\u00f6glichst schnell, mit m\u00f6glichst wenig Aufwand gelesen werden kann. Ob du das mit einer oder mehreren Spalten umsetzt oder mit einer oder zwei Schriftarten kannst du selber w\u00e4hlen.<\/li>\n<\/ol>\n<\/div><\/div>\n<\/div>\n\n\n\n<div style=\"height:20px\" aria-hidden=\"true\" class=\"wp-block-spacer\"><\/div>\n\n\n<p><a class=\"back_button\" href=\"https:\/\/office.suud.ch\/index.php\/texintro\/\">\u25c4&nbsp;&nbsp;Zur\u00fcck&nbsp;<\/a><\/p>","protected":false},"excerpt":{"rendered":"<p>Ergonomische Textgestaltung Textbreite Beim Lesen von langen Textzeilen muss unser Auge relativ viel Weg machen. Bei kurzen Textzeilen sind erheblich weniger Augenbewegungen n\u00f6tig. Das Profiprogramm LaTeX verwendet f\u00fcr die gebr\u00e4uchlichen 10\u201312 Punkt Schriften eine angenehme Zeilenl\u00e4nge von c.a. 13,5 cm. Word hingegen benutzt eine st\u00e4rker erm\u00fcdende Zeilenl\u00e4nge von 16 cm (vermutlich um beim Drucken Papier [&hellip;]<\/p>\n","protected":false},"author":1,"featured_media":0,"parent":0,"menu_order":0,"comment_status":"open","ping_status":"closed","template":"","meta":{"footnotes":"[{\"content\":\"Bei Dokumenten, welche nicht gedruckt werden, spielt der Papierverbrauch keine Rolle. Bei Dokumenten, welche gedruckt werden, ist ein mehrspaltiges Layout (wie bei einer Zeitung) vorzuziehen, es spart Papier und ist gleichzeitig auch angenehm zu lesen.\",\"id\":\"02786080-ee83-43ca-bc66-4d42c33d1071\"}]"},"_links":{"self":[{"href":"https:\/\/office.suud.ch\/index.php\/wp-json\/wp\/v2\/pages\/669"}],"collection":[{"href":"https:\/\/office.suud.ch\/index.php\/wp-json\/wp\/v2\/pages"}],"about":[{"href":"https:\/\/office.suud.ch\/index.php\/wp-json\/wp\/v2\/types\/page"}],"author":[{"embeddable":true,"href":"https:\/\/office.suud.ch\/index.php\/wp-json\/wp\/v2\/users\/1"}],"replies":[{"embeddable":true,"href":"https:\/\/office.suud.ch\/index.php\/wp-json\/wp\/v2\/comments?post=669"}],"version-history":[{"count":36,"href":"https:\/\/office.suud.ch\/index.php\/wp-json\/wp\/v2\/pages\/669\/revisions"}],"predecessor-version":[{"id":1486,"href":"https:\/\/office.suud.ch\/index.php\/wp-json\/wp\/v2\/pages\/669\/revisions\/1486"}],"wp:attachment":[{"href":"https:\/\/office.suud.ch\/index.php\/wp-json\/wp\/v2\/media?parent=669"}],"curies":[{"name":"wp","href":"https:\/\/api.w.org\/{rel}","templated":true}]}}