{"id":751,"date":"2019-08-28T22:15:07","date_gmt":"2019-08-28T22:15:07","guid":{"rendered":"https:\/\/office.suud.ch\/?page_id=751"},"modified":"2023-10-10T14:46:15","modified_gmt":"2023-10-10T14:46:15","slug":"texlisten","status":"publish","type":"page","link":"https:\/\/office.suud.ch\/index.php\/texlisten\/","title":{"rendered":"TexListen"},"content":{"rendered":"\n<h1 class=\"wp-block-heading\">Listen<\/h1>\n\n\n\n<p>In vielen Texten kommen Aussagen oder Dinge vor, welche man aufz\u00e4hlen  oder durchnummerieren m\u00f6chte. Praktisch alle Textverarbeitungsprogramme  stellen daf\u00fcr sogenannte Listen zur Verf\u00fcgung. Es werden zwei Hauptarten  von Listen unterschieden: Aufz\u00e4hlungen und Nummerierungen. <\/p>\n\n\n\n<h3 class=\"wp-block-heading\">Aufz\u00e4hlung<\/h3>\n\n\n\n<ul><li>Hund<\/li><li>Katze<ul><li>Hauskatze<\/li><li>Wildkatze<\/li><\/ul><\/li><li>Maus<\/li><\/ul>\n\n\n\n<h3 class=\"wp-block-heading\">Nummerierung<\/h3>\n\n\n\n<ol><li>Hund<\/li><li>Katze<\/li><li>Maus<\/li><\/ol>\n\n\n\n<h2 class=\"wp-block-heading\">\u00dcbungen<\/h2>\n\n\n<div class=\"su-accordion su-u-trim texbox\"><div class=\"su-spoiler su-spoiler-style-fancy su-spoiler-icon-plus su-spoiler-closed\" data-scroll-offset=\"0\" data-anchor-in-url=\"no\"><div class=\"su-spoiler-title\" tabindex=\"0\" role=\"button\"><span class=\"su-spoiler-icon\"><\/span>Listen erstellen und anpassen<\/div><div class=\"su-spoiler-content su-u-clearfix su-u-trim\">\n<ol>\n<li>Kopiere in ein leeres Dokument folgenden Text.<br \/>\nHund<br \/>Katze<br \/>Hauskatze<br \/>Wildkatze<br \/>Maus\n<\/li>\n<li>Formatiere diesen Text als Aufz\u00e4hlung und als Nummerierung. R\u00fccke dabei Hauskatze und Wildkatze ein. Experimentiere mit verschiedenen Aufz\u00e4hlungs- und Nummerierungsvorlagen.<\/li>\n<li>\u00c4ndere das Layout (z. B. die Formatvorlage) der Listen, sofern dies dein Textverarbeitungsprogramm zul\u00e4sst.\n<\/li>\n<\/ol>\n<\/div><\/div>\n<\/div>\n\n\n\n<h2 class=\"wp-block-heading\">Umsetzungstipps<\/h2>\n\n\n<div class=\"su-accordion su-u-trim texbox\"><div class=\"su-spoiler su-spoiler-style-fancy su-spoiler-icon-plus su-spoiler-closed\" data-scroll-offset=\"0\" data-anchor-in-url=\"no\"><div class=\"su-spoiler-title\" tabindex=\"0\" role=\"button\"><span class=\"su-spoiler-icon\"><\/span>Microsoft Word online<\/div><div class=\"su-spoiler-content su-u-clearfix su-u-trim\">\n<p>Listen lassen sich einr\u00fccken und aus verschiedenen Vorlagen ausw\u00e4hlen. Das Layout der Listen l\u00e4sst sich nicht ver\u00e4ndern.<\/p>\n<\/div><\/div>\n<div class=\"su-spoiler su-spoiler-style-fancy su-spoiler-icon-plus su-spoiler-closed\" data-scroll-offset=\"0\" data-anchor-in-url=\"no\"><div class=\"su-spoiler-title\" tabindex=\"0\" role=\"button\"><span class=\"su-spoiler-icon\"><\/span>Google Docs<\/div><div class=\"su-spoiler-content su-u-clearfix su-u-trim\">\n<p>Listen lassen sich einr\u00fccken und aus verschiedenen Vorlagen ausw\u00e4hlen. Das Layout der Listen l\u00e4sst sich nicht ver\u00e4ndern.<\/p>\n<\/div><\/div>\n<div class=\"su-spoiler su-spoiler-style-fancy su-spoiler-icon-plus su-spoiler-closed\" data-scroll-offset=\"0\" data-anchor-in-url=\"no\"><div class=\"su-spoiler-title\" tabindex=\"0\" role=\"button\"><span class=\"su-spoiler-icon\"><\/span>Microsoft Word<\/div><div class=\"su-spoiler-content su-u-clearfix su-u-trim\">\n<p>Eine \u00c4nderung des Layouts einer Liste \u00fcber Formatvorlagen (siehe Konzept <a href=\"https:\/\/office.suud.ch\/index.php\/texformatvorlagen\/\">Formatvorlagen<\/a>) ist schwierig. In Word setzt sich eine Liste in der Regel aus mehreren Formatvorlagen zusammen. In der Praxis hat es sich bew\u00e4hrt eine &#171;Musterliste&#187; wie gew\u00fcnscht zu formatieren und diese dann jeweils zu kopieren und entsprechend anzupassen.<\/p>\n<\/div><\/div>\n<\/div>\n\n\n\n<div style=\"height:20px\" aria-hidden=\"true\" class=\"wp-block-spacer\"><\/div>\n\n\n<p><a class=\"back_button\" href=\"https:\/\/office.suud.ch\/index.php\/texintro\/\">\u25c4&nbsp;&nbsp;Zur\u00fcck&nbsp;<\/a><\/p>","protected":false},"excerpt":{"rendered":"<p>Listen In vielen Texten kommen Aussagen oder Dinge vor, welche man aufz\u00e4hlen oder durchnummerieren m\u00f6chte. Praktisch alle Textverarbeitungsprogramme stellen daf\u00fcr sogenannte Listen zur Verf\u00fcgung. Es werden zwei Hauptarten von Listen unterschieden: Aufz\u00e4hlungen und Nummerierungen. Aufz\u00e4hlung Hund Katze Hauskatze Wildkatze Maus Nummerierung Hund Katze Maus \u00dcbungen Umsetzungstipps \u25c4&nbsp;&nbsp;Zur\u00fcck&nbsp;<\/p>\n","protected":false},"author":1,"featured_media":0,"parent":0,"menu_order":0,"comment_status":"open","ping_status":"closed","template":"","meta":{"footnotes":""},"_links":{"self":[{"href":"https:\/\/office.suud.ch\/index.php\/wp-json\/wp\/v2\/pages\/751"}],"collection":[{"href":"https:\/\/office.suud.ch\/index.php\/wp-json\/wp\/v2\/pages"}],"about":[{"href":"https:\/\/office.suud.ch\/index.php\/wp-json\/wp\/v2\/types\/page"}],"author":[{"embeddable":true,"href":"https:\/\/office.suud.ch\/index.php\/wp-json\/wp\/v2\/users\/1"}],"replies":[{"embeddable":true,"href":"https:\/\/office.suud.ch\/index.php\/wp-json\/wp\/v2\/comments?post=751"}],"version-history":[{"count":6,"href":"https:\/\/office.suud.ch\/index.php\/wp-json\/wp\/v2\/pages\/751\/revisions"}],"predecessor-version":[{"id":1433,"href":"https:\/\/office.suud.ch\/index.php\/wp-json\/wp\/v2\/pages\/751\/revisions\/1433"}],"wp:attachment":[{"href":"https:\/\/office.suud.ch\/index.php\/wp-json\/wp\/v2\/media?parent=751"}],"curies":[{"name":"wp","href":"https:\/\/api.w.org\/{rel}","templated":true}]}}