{"id":787,"date":"2019-08-29T09:14:08","date_gmt":"2019-08-29T09:14:08","guid":{"rendered":"https:\/\/office.suud.ch\/?page_id=787"},"modified":"2023-10-18T12:47:10","modified_gmt":"2023-10-18T12:47:10","slug":"texformatvorlagen","status":"publish","type":"page","link":"https:\/\/office.suud.ch\/index.php\/texformatvorlagen\/","title":{"rendered":"TexFormatvorlagen"},"content":{"rendered":"\n<h1 class=\"wp-block-heading\">Formatvorlagen<\/h1>\n\n\n<div class=\"su-box su-box-style-default\" id=\"\" style=\"border-color:#000d63;border-radius:10px\"><div class=\"su-box-title\" style=\"background-color:#004096;color:#FFFFFF;border-top-left-radius:8px;border-top-right-radius:8px\">\ud83d\udca1 Merksatz<\/div><div class=\"su-box-content su-u-clearfix su-u-trim\" style=\"border-bottom-left-radius:8px;border-bottom-right-radius:8px\">Nur so wenige Formatvorlagen verwenden, wie notwendig!<\/div><\/div>\n\n\n\n<p>Formatvorlagen lassen sich mit Sport-Trikots vergleichen. Tragen zwei Personen dasselbe Trikot, geh\u00f6ren sie zum selben Team. Wird ein Trikot ge\u00e4ndert, so wird diese \u00c4nderung (automatisch) von allen Team-Mitgliedern \u00fcbernommen.<\/p>\n\n\n\n<p>Ganz \u00e4hnlich &#171;tr\u00e4gt&#187; bei der Textverarbeitung jede einzelne Textstelle eine Formatvorlage, welche ihr ein besonderes Aussehen und manchmal auch eine besondere Funktion gibt. Alle Textstellen mit der gleichen Formatvorlage sehen gleich aus und verhalten sich gleich.  Beispiele f\u00fcr Formatvorlagen sind z.&nbsp;B. Standard (normaler Text), Fett (f<strong>ettgedruckter Text<\/strong>), \u00dcberschriften (diese k\u00f6nnen in einem Inhaltsverzeichnis angezeigt werden), Fussnoten (diese werden unten an der Seite klein dargestellt). <\/p>\n\n\n\n<p>Wird eine Formatvorlage ge\u00e4ndert (z.&nbsp;B. die Schriftgr\u00f6sse der \u00dcberschrift 1 vergr\u00f6ssert), so \u00e4ndert sich das Aussehen aller zugeh\u00f6rigen Textstellen (d.&nbsp;h. alle \u00dcberschriften 1 werden gr\u00f6sser). \u00c4ndert man das Aussehen einer Textpassage direkt, so entsteht oft eine neue, eigene Formatvorlage. Je mehr Formatvorlagen vorhanden sind, desto schwieriger ist es, mehrere Textpassagen \u00fcber die Formatvorlagen anzupassen. Daher ist es am besten, nur so viele Formatvorlagen zu brauchen wie notwendig. <\/p>\n\n\n<div class=\"su-accordion su-u-trim texbox\"><div class=\"su-spoiler su-spoiler-style-fancy su-spoiler-icon-plus su-spoiler-closed\" data-scroll-offset=\"0\" data-anchor-in-url=\"no\"><div class=\"su-spoiler-title\" tabindex=\"0\" role=\"button\"><span class=\"su-spoiler-icon\"><\/span>Zusatz: Gestaltung und Umgestaltung<\/div><div class=\"su-spoiler-content su-u-clearfix su-u-trim\">\n<p>Formatvorlagen erm\u00f6glichen es, Dokumente mit wenig Aufwand einheitlich zu gestalten. Weist man einer Textpassage eine Formatvorlage zu, so nimmt diese Textpassage das Aussehen der Formatvorlage an. \u00c4ndert man eine Formatvorlage, so werden automatisch alle Textpassagen mit dieser Formatvorlage ebenfalls entsprechend ge\u00e4ndert. Je weniger Formatvorlagen zum Einsatz kommen, desto einheitlicher sieht das Dokument aus.<\/p>\n<\/div><\/div>\n<div class=\"su-spoiler su-spoiler-style-fancy su-spoiler-icon-plus su-spoiler-closed\" data-scroll-offset=\"0\" data-anchor-in-url=\"no\"><div class=\"su-spoiler-title\" tabindex=\"0\" role=\"button\"><span class=\"su-spoiler-icon\"><\/span>Zusatz: Orientierung<\/div><div class=\"su-spoiler-content su-u-clearfix su-u-trim\">\n<p> Formatvorlagen erleichtern die Orientierung in einem Dokument. Es ist m\u00f6glich, alle Textpassagen mit gleicher Formatvorlage gut sichtbar hervorzuheben. Je weniger Formatvorlagen zum Einsatz kommen, desto einfacher ist es, sich zu orientieren.<\/p>\n<\/div><\/div>\n<div class=\"su-spoiler su-spoiler-style-fancy su-spoiler-icon-plus su-spoiler-closed\" data-scroll-offset=\"0\" data-anchor-in-url=\"no\"><div class=\"su-spoiler-title\" tabindex=\"0\" role=\"button\"><span class=\"su-spoiler-icon\"><\/span>Zusatz: Verzeichnisse<\/div><div class=\"su-spoiler-content su-u-clearfix su-u-trim\">\n<p>In einigen Textverarbeitungsprogrammen k\u00f6nnen Textpassagen mit den gleichen Formatvorlagen automatisch in einem Verzeichnis aufgelistet werden. Z.\u00a0B. kann aus den Textpassagen mit \u00dcberschriftformatvorlagen automatisiert ein Inhaltsverzeichnis erstellt werden. \u00c4ndert man danach eine \u00dcberschrift oder f\u00fcgt eine neue hinzu, so passt sich das Inhaltsverzeichnis automatisch an (siehe Konzept <a target=\"_blank\" href=\"https:\/\/office.suud.ch\/index.php\/texverzeichnisse\/\" rel=\"noopener noreferrer\">Verzeichnisse<\/a>). Wird normaler Text so vergr\u00f6ssert, dass dieser wie eine \u00dcberschrift aussieht, so kann dieser nicht automatisch in ein Inhaltsverzeichnis \u00fcbernommen werden.<\/p>\n<\/div><\/div>\n<\/div>\n\n\n\n<h2 class=\"wp-block-heading\">\u00dcbungen<\/h2>\n\n\n<div class=\"su-accordion su-u-trim texbox\"><div class=\"su-spoiler su-spoiler-style-fancy su-spoiler-icon-plus su-spoiler-closed\" data-scroll-offset=\"0\" data-anchor-in-url=\"no\"><div class=\"su-spoiler-title\" tabindex=\"0\" role=\"button\"><span class=\"su-spoiler-icon\"><\/span>Formatvorlagen einsetzen<\/div><div class=\"su-spoiler-content su-u-clearfix su-u-trim\">\n<ol>\n<li>Erzeuge in einem leeren Dokument mehrere Abs\u00e4tze (siehe Konzept <a target=\"_blank\" href=\"https:\/\/office.suud.ch\/index.php\/texfuelltext\/\" rel=\"noopener noreferrer\">F\u00fclltext erzeugen<\/a>).<\/li>\n<li>Weise unterschiedlichen Textstellen unterschiedliche Formatvorlagen zu. Wenn es dein Textverarbeitungsprogramm zul\u00e4sst, kannst du auch eigene Formatvorlagen erstellen.<\/li>\n<li>Sofern es dein Textverarbeitungsprogramm zul\u00e4sst, \u00e4ndere einige der Formatvorlagen ab und schaue wie sich die Textpassagen, welche zu diesen Formatvorlagen geh\u00f6ren, dabei \u00e4ndert.<\/li>\n<li>Sofern es dein Textverarbeitungsprogramm zul\u00e4sst, lasse dir alle Textpassagen hervorheben, welche zur selben Formatvorlage geh\u00f6ren.<\/li>\n<\/ol>\n<\/div><\/div>\n<div class=\"su-spoiler su-spoiler-style-fancy su-spoiler-icon-plus su-spoiler-closed\" data-scroll-offset=\"0\" data-anchor-in-url=\"no\"><div class=\"su-spoiler-title\" tabindex=\"0\" role=\"button\"><span class=\"su-spoiler-icon\"><\/span>Formatvorlagen aufr\u00e4umen<\/div><div class=\"su-spoiler-content su-u-clearfix su-u-trim\">\nHier geht es darum, aus einem Formatvorlagen-Flickwerk ein wartungsfreundliches Dokument zu erhalten, welches mit m\u00f6glichst wenigen Formatvorlagen auskommt.<\/p>\n<ol>\n<li>\u00d6ffne ein leeres Dokument und kopiere den Text irgendeiner Webseite in das Dokument (dabei wird fast immer ein Formatvorlagen-Chaos erzeugt).<\/li>\n<li>Sofern es dein Textverarbeitungsprogramm zul\u00e4sst, lasse dir alle verwendeten Formatvorlagen anzeigen.<\/li>\n<li>Falls es im Dokument mehrere Formatvorlagen gibt, welche in etwa gleich aussehen, so kannst du diese alle durch eine einzige Formatvorlage davon ersetzen. Versuche das Dokument so umzuformatieren, dass es am Ende immer noch in etwa gleich aussiehst, aber dass du mit m\u00f6glichst wenigen Formatvorlagen auskommst.<\/li>\n<\/ol>\n<p>\ud83d\udca1 <strong>Tipp<\/strong><br \/>\nSollte das Dokument viel zu viele Formatvorlagen enthalten und somit kaum zu b\u00e4ndigen sein, so kannst du den Text ausschneiden und ohne Formatierung erneut einf\u00fcgen (die meisten Textverarbeitungsprogramme besitzen einen Befehl, um nur den Text \/ Inhalt einzuf\u00fcgen). Dann verlierst du aber alle Texteigenheiten wie \u00dcberschriften etc. Wenn du die Formatvorlagen auf die Wesentlichen reduzieren m\u00f6chtest, dann kopiere den Text in ein anderes Textverarbeitungsprogramm, das weniger Formatvorlagen kennt als dein eigenes Textverarbeitungsprogramm und anschliessend wieder zur\u00fcck. <\/p>\n<ul>\n<li>Viele Formatvorlagen: Microsoft Word, LibreOffice<\/li>\n<li>Einige Formatvorlagen: Microsoft Word Online<\/li>\n<li>Wenige Formatvorlagen: Google Docs Online oder auf Mac der eingebaute &#171;TextEdit&#187;<\/li>\n<li>Keine Formatvorlagen: Reine Texteditoren, wie z.\u00a0B. der &#171;Editor&#187; auf Windows oder edupad.ch<\/li>\n<\/ul>\n<\/div><\/div>\n<\/div>\n\n\n\n<h2 class=\"wp-block-heading\">Umsetzungstipps<\/h2>\n\n\n<div class=\"su-accordion su-u-trim texbox\"><div class=\"su-spoiler su-spoiler-style-fancy su-spoiler-icon-plus su-spoiler-closed\" data-scroll-offset=\"0\" data-anchor-in-url=\"no\"><div class=\"su-spoiler-title\" tabindex=\"0\" role=\"button\"><span class=\"su-spoiler-icon\"><\/span>Microsoft Word online<\/div><div class=\"su-spoiler-content su-u-clearfix su-u-trim\">\nFormatvorlagen lassen sich aus einer Liste ausw\u00e4hlen, jedoch k\u00f6nnen die einzelnen Formatvorlagen nicht ver\u00e4ndert werden.<br \/>\n<\/div><\/div>\n<div class=\"su-spoiler su-spoiler-style-fancy su-spoiler-icon-plus su-spoiler-closed\" data-scroll-offset=\"0\" data-anchor-in-url=\"no\"><div class=\"su-spoiler-title\" tabindex=\"0\" role=\"button\"><span class=\"su-spoiler-icon\"><\/span>Google Docs<\/div><div class=\"su-spoiler-content su-u-clearfix su-u-trim\">\n<p>Um alle Textpassagen mit derselben Formatvorlage zu sehen, bewegt man den Cursor in eine Textpassage mit der gesuchten Formatvorlage und w\u00e4hlt \u00fcber einen Rechtsklick den entsprechenden Men\u00fceintrag aus.<\/p>\n<p>Eine Formatvorlage kann ge\u00e4ndert werden, indem man das Aussehen einer der \u00dcberschriften \u00e4ndert und danach im Formatvorlagen-Auswahl-Men\u00fc zu dieser Formatvorlage navigiert und \u00fcber den kleinen Pfeil \u25ba am rechten Rand diese \u00c4nderung auf alle anderen Textstellen mit dieser Formatvorlage \u00fcbertr\u00e4gt.<\/p>\n<\/div><\/div>\n<div class=\"su-spoiler su-spoiler-style-fancy su-spoiler-icon-plus su-spoiler-closed\" data-scroll-offset=\"0\" data-anchor-in-url=\"no\"><div class=\"su-spoiler-title\" tabindex=\"0\" role=\"button\"><span class=\"su-spoiler-icon\"><\/span>Microsoft Word<\/div><div class=\"su-spoiler-content su-u-clearfix su-u-trim\">\n<p>M\u00f6chte man sich die in einem Dokument verwendeten Formatvorlagen anzeigen lassen, so bestehen erhebliche Unterschiede zwischen Microsoft Word auf Windows und Microsoft Word auf macOS.<\/p>\n<p>Auf Windows werden die verwendeten Formatvorlagen sehr detailliert angezeigt. Somit ist es durch Aussortieren m\u00f6glich, ein wartungsunfreundliches Dokument mit vielen Formatvorlagen in ein wartungsfreundliches Dokument mit nur den notwendigen Formatvorlagen umzuwandeln.<\/p>\n<p>Auf macOS werden die verwendeten Formatvorlagen nur grob zusammengefasst angezeigt. Somit ist es nicht immer m\u00f6glich, durch Aussortieren ein wartungsunfreundliches Dokument mit vielen Formatvorlagen in ein wartungsfreundliches Dokument mit nur den notwendigen Formatvorlagen umzuwandeln.<\/p>\n<\/div><\/div>\n<\/div>\n\n\n\n<div style=\"height:20px\" aria-hidden=\"true\" class=\"wp-block-spacer\"><\/div>\n\n\n<p><a class=\"back_button\" href=\"https:\/\/office.suud.ch\/index.php\/texintro\/\">\u25c4&nbsp;&nbsp;Zur\u00fcck&nbsp;<\/a><\/p>","protected":false},"excerpt":{"rendered":"<p>Formatvorlagen Formatvorlagen lassen sich mit Sport-Trikots vergleichen. Tragen zwei Personen dasselbe Trikot, geh\u00f6ren sie zum selben Team. Wird ein Trikot ge\u00e4ndert, so wird diese \u00c4nderung (automatisch) von allen Team-Mitgliedern \u00fcbernommen. Ganz \u00e4hnlich &#171;tr\u00e4gt&#187; bei der Textverarbeitung jede einzelne Textstelle eine Formatvorlage, welche ihr ein besonderes Aussehen und manchmal auch eine besondere Funktion gibt. Alle Textstellen [&hellip;]<\/p>\n","protected":false},"author":1,"featured_media":0,"parent":0,"menu_order":0,"comment_status":"open","ping_status":"closed","template":"","meta":{"footnotes":""},"_links":{"self":[{"href":"https:\/\/office.suud.ch\/index.php\/wp-json\/wp\/v2\/pages\/787"}],"collection":[{"href":"https:\/\/office.suud.ch\/index.php\/wp-json\/wp\/v2\/pages"}],"about":[{"href":"https:\/\/office.suud.ch\/index.php\/wp-json\/wp\/v2\/types\/page"}],"author":[{"embeddable":true,"href":"https:\/\/office.suud.ch\/index.php\/wp-json\/wp\/v2\/users\/1"}],"replies":[{"embeddable":true,"href":"https:\/\/office.suud.ch\/index.php\/wp-json\/wp\/v2\/comments?post=787"}],"version-history":[{"count":21,"href":"https:\/\/office.suud.ch\/index.php\/wp-json\/wp\/v2\/pages\/787\/revisions"}],"predecessor-version":[{"id":1744,"href":"https:\/\/office.suud.ch\/index.php\/wp-json\/wp\/v2\/pages\/787\/revisions\/1744"}],"wp:attachment":[{"href":"https:\/\/office.suud.ch\/index.php\/wp-json\/wp\/v2\/media?parent=787"}],"curies":[{"name":"wp","href":"https:\/\/api.w.org\/{rel}","templated":true}]}}